= 395 + -397. Let t(p) = -5*p**2 + p**2 + 5*p**2 - p - p. What is t(b)?
8
Let p(z) = z**2 - z + 2. Let d(x) = 51*x - 99. Let s be d(2). Determine p(s).
8
Let m(g) = 0 + g**2 - 3*g + 0 + 2. Let p = -9639 - -9636. What is m(p)?
20
Suppose -v = 5*s + 2*v + 74, 4*s = 4*v - 40. Let l = s - -16. Let h(n) = -n**2 + 3*n - 1. Calculate h(l).
-1
Let u(a) = -2*a + 4*a + 0 + 7 - a**2. Let h = -20 - -8. Let i be (2 - 4)*30/h. Give u(i).
-8
Let m(j) = -4*j**2 + 4*j + 13 - 3*j + 5*j**2 - 15. Give m(2).
4
Let c(y) = 2*y - 7. Let k(g) = -g**3 + 5*g**2 - 3*g - 2. Let o be k(3). Suppose 4*i - o*i + 15 = 0. Calculate c(i).
3
Let l(c) be the first derivative of -1/2*c**2 - 4*c + 1/3*c**3 - 6. Suppose -z = -3*z - 5*b + 26, 0 = 5*z + 5*b - 35. Give l(z).
2
Let s(n) = n**2 + 2. Let j(v) = v**2 - v + 3. Let h(d) = -5*j(d) + 4*s(d). Determine h(5).
-7
Suppose 27 - 45 = 2*i - 4*w, 6 = -2*i - 2*w. Let t(x) = -2*x**2 - x - 7. Determine t(i).
-52
Let u(i) be the second derivative of i**6/360 - i**5/30 + i**4/6 - 4*i. Let d(z) be the third derivative of u(z). Let w be d(4). Let s(a) = a - 3. What is s(w)?
1
Let y(g) = -g**2 - 9*g + 8. Let h = 1509 - 1515. Determine y(h).
26
Let o(b) = -3*b**2 + 26*b. Let t(f) = -8*f**2 + 73*f. Let j(p) = -11*o(p) + 4*t(p). Suppose 10 = -c + 5*v, c + 1 = -3*v - 1. Calculate j(c).
-5
Let n be (0 - 3/(-6))/((-3)/72). Let o(m) = -3*m - 37. Determine o(n).
-1
Let c be 8/(-14)*(-28)/8. Let g(n) = -3*n**2 - 3*n**2 - 3*n + 2 + 2*n**2 + 5*n**c. Determine g(2).
0
Let n(p) be the second derivative of -p**2 + 0 + 1/12*p**4 - 2*p + 1/3*p**3. Suppose 3*l - m - 2 = -8, 4*l = 4*m. Determine n(l).
1
Let z be -8*-1*(-5)/(-20). Suppose 7*u - u = z*u. Let x(q) = -14*q**2 - 3*q - 17. Let o(h) = -5*h**2 - h - 6. Let b(c) = 11*o(c) - 4*x(c). Determine b(u).
2
Suppose 0 = 5*c - 5*o + 10, -5*c + 0*o + o = 18. Let p = -2 + 0. Let z be 4 + c + p/2. Let y(x) = -10*x**3 - x**2 - x. What is y(z)?
10
Let r(q) = -20*q - 14. Let t(w) = 14*w + 14. Let a(b) = 3*r(b) + 4*t(b). Calculate a(5).
-6
Suppose -3*i + 0*i = 0. Suppose u - 3*v + 8 = i, 5*u - v + 8 = -2*v. Let d be (2 - 2 - -8) + u. Let m(p) = p**3 - 5*p**2 - 6*p + 3. What is m(d)?
3
Let q(o) = -2*o**3 + 5*o - 2. Let n be q(2). Let h(a) = -a**3 - 8*a**2 + 5. Calculate h(n).
5
Let h(f) = -f**2 - 7*f - 3. Let r(s) = s**2 + s. Let l(q) = -5*q**2. Let t(d) = -l(d) - 6*r(d). Let m be t(-7). Determine h(m).
-3
Let d(u) = -u**3 - 2*u**2 + 3*u + 4. Suppose 5*o + 0*p - 40 = -p, -p = 4*o - 31. Let y be (o/45 - 4/(-5))*-3. Determine d(y).
4
Let f = 10 - 4. Let n(q) = -q**2 - 4*q + 6. Let g(y) = -6*y**2 - 19*y + 31. Let t(r) = -2*g(r) + 11*n(r). Give t(f).
4
Let i(r) = -3*r**2 + 3*r + 4. Let x = 267 - 190. Let j = x + -74. Calculate i(j).
-14
Let w(v) be the first derivative of v**4/12 - 2*v**3/3 + 2*v**2 - 6*v + 22. Let c(q) be the first derivative of w(q). Determine c(3).
1
Let m be (-2)/3*(-3)/2. Let f(u) = 3*u**2 - u. Let z be f(m). Let p(y) = -5191 + 5190 - 9*y**2 - y + 12*y**2. Give p(z).
9
Let n(g) = -4*g - 7. Let c(z) = 68*z - 282. Let l be c(4). Determine n(l).
33
Let d(k) = -k**2 + 5*k + 10. Suppose 41 = 5*o + 2*t, 0 = -o - 38*t + 33*t + 22. Determine d(o).
-4
Let i(m) = -2*m + 27. Let b be (120/(-35))/(14/(-49)). Calculate i(b).
3
Suppose h - 7 = 8. Suppose 7 = -4*k + h. Let l(b) = -3*b + 106 + b**3 + b**2 - 103 - 4*b**2 + 2*b**2. What is l(k)?
1
Let l(t) = -t + 1. Let q(a) = a**2 + 8*a + 2. Suppose 2*m + 2*k = 4, m + 5*k + 3 = 17. Let s(d) = m*l(d) - q(d). Determine s(-5).
7
Let x(k) = -11*k**2 - 17*k - 50. Let u(z) = 8*z**2 + 11*z + 35. Let o(q) = -7*u(q) - 5*x(q). Calculate o(8).
5
Let g(w) = -w**3 - 3*w**2 - w. Let c be g(-3). Let p(m) = -25*m - 10. Let o(i) = -22*i - 9. Let t(f) = -7*o(f) + 6*p(f). Give t(c).
15
Let n(l) = -l**3 - 15*l**2 - 2*l - 2. Let w(h) = 2*h**3 + 32*h**2 + 5*h + 5. Let c(t) = 9*n(t) + 4*w(t). What is c(-3)?
-40
Let p = 12 - 10. Let y(i) = -2 + 4*i - p - 3*i + 2. What is y(-2)?
-4
Let f(a) = -8*a - 25. Let d be f(-4). Let k(y) = 5*y + 4. Determine k(d).
39
Let p(u) be the first derivative of -13*u**3/3 - 4*u**2 - 13*u - 17. Let a(l) = 7*l**2 + 4*l + 7. Let c(y) = -11*a(y) - 6*p(y). What is c(-5)?
6
Let s(t) = -t**2 + 10*t - 9. Let n(q) = -8*q - 42. Let p be n(-7). Suppose -p + 94 = 8*x. Calculate s(x).
-9
Let l(g) = 1 + 6*g + 2*g + g**3 - 4*g + 0*g. Let c(x) = -6*x**3 - 21*x - 5. Let b(v) = -2*c(v) - 11*l(v). Determine b(2).
3
Let j(k) be the first derivative of k**3/3 - k**2 - k + 31. Give j(0).
-1
Let h(n) = 146*n**2 - 25 - 145*n**2 - 3 - 4*n. Let s be h(7). Let l(i) = i. Calculate l(s).
-7
Suppose -4*y + 16 = -4*p, -y = 2*p + p - 4. Let j = 1 - p. Let n = -5 + j. Let b(u) = -u**2 - 6*u - 5. Calculate b(n).
3
Let p(w) = -5*w**2 + 4*w + 2. Let k be ((-54)/12)/(2/(-4)). Let y(h) = -11*h**2 + 8*h + 3. Let b(u) = k*p(u) - 4*y(u). Calculate b(6).
-6
Let m(o) = -5 - 4 + 12*o**2 + 0*o**2 - 6*o - 7*o**2 - 4*o**2. Determine m(7).
-2
Let u be (-6)/(-15) - (-1)/((-5)/(-3)). Let q = -37 - -55. Let o(a) = q*a - 8*a - 5*a - u. What is o(3)?
14
Let m(z) be the first derivative of z**4/4 - z**3 - 20*z**2 + 6*z + 748. What is m(8)?
6
Let l(m) be the first derivative of -m**3/3 + 3*m**2 + 2*m + 39. Let w be (-85)/(-20) - (-6)/8. Give l(w).
7
Let t(j) = -4*j**3 + 5*j**3 - j**3 + j**3 + 2 - 6*j**2. Let h be t(6). Let q(p) = -3*p + 4*p + p**2 + 16 + 0*p - h. What is q(0)?
14
Suppose -7*o - 2*x - 50 = -3*o, 2*o + 28 = -2*x. Let m = o + 13. Let a(b) = 4*b + 4*b - b**3 - 6*b + 4*b**2 + 2*b**m - 3. Determine a(6).
9
Suppose -11*t - 56 = -13*t. Suppose -3*v + 7*v = t. Let g be 4/((-4)/v) - -3. Let q(b) = b + 1. Give q(g).
-3
Let z(i) = 46*i - 558. Let s be z(12). Let b(m) = -m + 3. Determine b(s).
9
Let j(y) be the second derivative of -y**5/20 - 2*y**4/3 - 3*y**3/2 - y**2 - 2*y + 10. Give j(-7).
12
Let c(p) be the first derivative of 3/2*p**2 - 1 + 1/12*p**4 + 1/3*p**3 + 0*p. Let m(z) be the second derivative of c(z). What is m(-4)?
-6
Let n = 21 + -6. Let d(y) = -2*y + 4 - n + 0 + 3*y. Determine d(5).
-6
Let r(v) = v - 8. Let q be r(8). Let a be (2/6*3)/((-4)/(-68)). Suppose 0 = k - o + 9 - q, -a = 3*k + 2*o. Let g(x) = x**3 + 8*x**2 + 7*x - 4. What is g(k)?
-4
Let g(o) = -o**2 - 7*o + 4. Suppose 4*v + 2*j + 16 = 0, -3*v = 2*v - j + 34. Give g(v).
10
Let w = -125 + 132. Let u(m) = -2*m - 8. Calculate u(w).
-22
Let q(k) = -5*k - 16. Let g be ((-2)/6)/((-16)/(-192)). Calculate q(g).
4
Let m(a) = a - 3. Suppose -1 = -b + 4. Suppose -5*x - 50 = -b*d, -x - 4*d - 4 = d. Let j = -4 - x. Calculate m(j).
2
Let q(c) = 8*c - 49. Let g be q(5). Let x(r) = -r**3 - 10*r**2 - 7*r + 22. What is x(g)?
4
Let v = 5 - 3. Let h(g) be the second derivative of -1/2*g**3 + 0 + 3/2*g**2 + 1/6*g**4 + 3*g. Determine h(v).
5
Let b(x) = 7*x - 1. Suppose -2*d = -4*l + 4, 2*l = -2*d - 2*d + 2. Suppose 4 = -3*j + l. Determine b(j).
-8
Suppose -w - 3 + 1 = 2*p, 3*w + 3*p = 0. Let m(z) = w*z**2 - 1 - z**2 - 18*z**3 - 2*z**3 - z. Give m(-1).
21
Let k(m) = -m**2 + 3*m + 11. Let y(n) = n + 8. Let c be y(-2). Let h be k(c). Let s(r) = -11*r + 0*r**2 + 2 + 0*r**2 + 3*r - r**2. Give s(h).
9
Let m(n) = -3*n + 67 - 67. Let c(u) = 20*u - 1. Let f(a) = 3*c(a) + 21*m(a). Give f(-4).
9
Let a(o) = -7*o - 26. Let k(z) be the first derivative of -3*z**2/2 - 13*z - 47. Let y(b) = -2*a(b) + 5*k(b). What is y(0)?
-13
Let a be (-6)/42*-49 - (1 + 0). Let g(l) = 2*l - 2. What is g(a)?
10
Let d be 21/(-28) + (-6)/(-8). Suppose -h + d = 3. Let l(q) be the first derivative of q**4/4 + q**3/3 - 2*q**2 - 4*q - 3. Determine l(h).
-10
Let d(v) be the third derivative of v**5/60 - v**4/8 - 4*v**3/3 - 3*v**2 + 3. What is d(9)?
46
Let i(x) = -x**3 + 6*x**2 - 5*x + 1. Let d(p) = p**3 + 8*p**2 - 11*p - 14. Let n be d(-9). Let w be n/(-2) - (-1 - (5 + 1)). Calculate i(w).
1
Let g(j) be the second derivative of -j**5/20 + j**4/6 - j**3/2 + 6*j**2 - 23*j. Let q(l) be the first derivative of g(l). Give q(2).
-7
Let j(p) = 2*p - 3. Let b = 20 - 17. Suppose 3*d + g = -2*d + 29, 36 = 4*d + 4*g. Suppose -4*n + 24 = b*s, 2*n = s - n + d. What is j(s)?
5
Let d(w) = -4*w**3 + 57*w**2 + 3*w + 17. Let o(n) = -3*n**3 + 38*n**2 + 2*n + 11. Let u(c) = 5*d(c) - 7*o(c). What is u(-19)?
-11
Let j(q) be the second derivative of -1/3*q**3 + 3/2*q**2 - 3*q + 0. Let d(l) = -l**3 + 8*l**2 + l - 6. L